ctors of w?
2, 11
Suppose f - 9*f = -192. What are the prime factors of f?
2, 3
Suppose 0*p = -5*p - 3*y + 7, 5*y - 20 = 0. What are the prime factors of (1/p)/((-2)/10)?
5
Let i = -17 + 24. Suppose -o - 2*u + 6 = 0, 1 = -o + i*u - 2*u. Suppose 4*y = -4*a + 40, 4*y - 41 = -o*a + y. List the prime factors of a.
11
Suppose -2*a = 5*f + 3*a - 20, 3*f + 2 = 4*a. Let o = 10 - f. List the prime factors of o.
2
Suppose -6*u + 8 = -2*u. Suppose -24 = 2*b + u*b. Let s(c) = -c + 5. List the prime factors of s(b).
11
Let g(i) be the second derivative of i**4/6 - i**3/2 + i**2 - 6*i. What are the prime factors of g(3)?
11
Suppose -7*w + 360 = -2*w. What are the prime factors of w?
2, 3
Let a(h) = -58*h - 9. Let s(k) = -29*k - 4. Let o(g) = -2*a(g) + 5*s(g). List the prime factors of o(-1).
3
Let g(h) = -5*h**3 - h**2 - 4*h - 3. Let c(v) = v**3 - v**2. Let x(t) = 4*c(t) + g(t). What are the prime factors of x(-5)?
17
Suppose 3*i - 3*g + 27 = 0, 4*g = 5*g - 5. Suppose 0 = d - 17 - 1. List the prime factors of (-79)/(-9) - i/d.
3
Let g be -1 - 5/((-15)/9). What are the prime factors of g/(-3) + 371/21?
17
Let z(v) = 3*v + 7. What are the prime factors of z(7)?
2, 7
Let h(c) = 7 + 9 - 4 + c. List the prime factors of h(10).
2, 11
Let p(t) = 2*t**2 - 5*t + 1. Suppose -l + 115 = 4*l. Suppose -l = -4*w - 7. What are the prime factors of p(w)?
13
Suppose 16 = 4*b - t, -5*t - 20 = -5*b - 10*t. Suppose -4 = -2*s, 2*f - 4*f = -b*s. Suppose f*i = 41 + 27. List the prime factors of i.
17
Suppose -5*h - 2*w = -176 - 17, 4*w = 16. What are the prime factors of h?
37
Suppose -11 = 5*c + 4. Let n be 2/6 + 1/c. Suppose 2*k = -2 - n, -r + 5*k = -7. List the prime factors of r.
2
Let g(w) = w**3 + 25*w**2 - 4*w - 21. What are the prime factors of g(-25)?
79
Suppose 0 = -2*r + 22 + 4. Let v(s) = 58*s**2 - s - 2. Let y be v(-1). Suppose -4*n = r - y. What are the prime factors of n?
11
Let p(b) = -2*b**3 - 3*b**2 - 2*b + 1. Let n be p(-3). Suppose 0*w + 2*w - n = 0. What are the prime factors of w?
17
Let a(n) = -n**2 - 6*n - 6. Let r be a(-4). Suppose -5*p + 5*m - 6 + 141 = 0, -r*p - 4*m = -60. Let z = 42 - p. What are the prime factors of z?
2, 7
Suppose -3*x + 8*x - 25 = 0. Suppose -r = -0*r - x. List the prime factors of r.
5
What are the prime factors of 230/6 - 13/39?
2, 19
Suppose 2*j = -30 + 142. What are the prime factors of j?
2, 7
Let t be (-1)/5 - 246/(-30). Let x = 18 - t. List the prime factors of x.
2, 5
Let u(t) = 14*t**2 + 1. List the prime factors of u(-1).
3, 5
Let c(y) = -y**2 + 6*y - 4. Suppose d = 3*j - 11, 10*d - 5*d + 11 = 4*j. Let o be c(j). Let v(f) = f - 2. What are the prime factors of v(o)?
2
Suppose 4*g = -4*n + g - 105, 76 = -3*n - 5*g. Let j = -16 - n. What are the prime factors of j?
11
Suppose 0 = 7*u - 2*u - 1600. List the prime factors of u.
2, 5
Let r(u) be the third derivative of 1/12*u**5 + 0*u - 2/3*u**3 + 2*u**2 + 0 + 1/120*u**6 - 7/24*u**4. List the prime factors of r(-6).
2
Let q(p) = -p**3 + 6*p**2 - 3. Let r be q(6). Let a(d) = -5*d - 3. What are the prime factors of a(r)?
2, 3
Let h(d) = 2*d + 1. Let w be h(2). Suppose -5*g = 5*s - 46 + 16, -60 = -5*s + w*g. List the prime factors of s.
3
Suppose -4*i + 6 = -2*i. Let o be (-1 + 0 + 0)*i. Let t = o + 6. What are the prime factors of t?
3
Let w = -126 - -127. Let a be 49/3 + (-2)/6. Let m = a - w. What are the prime factors of m?
3, 5
Suppose -t = -a - 14, -4*a = -t + a - 6. Suppose -n + 13 = -t. Let v = n + -22. What are the prime factors of v?
2, 5
Let i(k) = -k**2 - 15*k - 5. Suppose 5*a - 57 = -5*h - 22, 2*a - 30 = -4*h. Suppose h = -y - 5. What are the prime factors of i(y)?
3, 7
Suppose 12*d - 1458 - 246 = 0. List the prime factors of d.
2, 71
Let i be (-2)/2*-1 - -5. Suppose -3*o - i = -21. List the prime factors of o.
5
Let y be 9/6*(1 + 1). Suppose 142 = 4*g + 2*i, -3*g = 2*g + 5*i - 190. Suppose 0*m + y*m = g. What are the prime factors of m?
11
Let b(i) = -6*i - 9. List the prime factors of b(-5).
3, 7
Suppose -4*w - 4*j = -432, 0 = -4*w - 5*j + 136 + 297. What are the prime factors of w?
107
Let w = 36 + -16. List the prime factors of w.
2, 5
Suppose 5*w + 67 = t, 2*t - 5*w - 208 = -2*t. What are the prime factors of t?
47
Let h(d) = -7*d - 2. What are the prime factors of h(-3)?
19
Suppose -60 = -5*u - x, 3*x - 31 - 28 = -4*u. What are the prime factors of u?
11
Suppose 2*x - 3*g + 4 + 7 = 0, 2*g = x + 8. Let u = 5 - x. What are the prime factors of u?
3
Suppose -q = -4*a - 3 - 21, 0 = -2*q + a + 34. Suppose -x + q = -0*x. Let d = x - 7. List the prime factors of d.
3
Let b = 213 + -147. What are the prime factors of b?
2, 3, 11
Let c = 7 + -2. Let p = c - -2. List the prime factors of p.
7
Let l be (-20)/(-6) - (-16)/24. Suppose 0 = l*d + d - 35. List the prime factors of d.
7
Let l = -41 - -45. What are the prime factors of l?
2
Let x(h) = h**3 + 8*h**2 + 5*h - 8. Suppose 8*r = 3*r - 30. List the prime factors of x(r).
2, 17
What are the prime factors of (-802)/(-8) + (-35)/(-20) + -1?
101
Let a(l) = -3*l - 1 - 11*l**3 + l - 6*l**3 + 0*l - 2*l**2. What are the prime factors of a(-1)?
2
List the prime factors of 2 + -5 - (-378)/9.
3, 13
Suppose 0 = 3*q - 15 - 0. Suppose -2*a + a = 4*o + 2, q*o + 15 = 5*a. Let b = a - 0. List the prime factors of b.
2
Let p(z) = 5*z**3 + 3*z - 1. Let d(c) = -6*c**3 + c**2 - 3*c + 2. Let h(l) = -3*d(l) - 4*p(l). Let g be h(-2). Let m = g - -1. List the prime factors of m.
3
Let s(j) = -j. Let v be s(-4). Let r(t) = -t. Let n be r(-4). Suppose -n*g = -12, g - 6 - 5 = -v*p. What are the prime factors of p?
2
Suppose 333 = 4*k - 259. List the prime factors of k.
2, 37
Let g be (0 - (-3)/3) + 0. Suppose 0 = -l + g, 4*q + 0*q = 3*l + 41. What are the prime factors of q?
11
Let c = 4 - 4. Suppose -8*s + 4*s + 8 = c. Suppose -s*n + 7*n = 20. List the prime factors of n.
2
Let s(k) = -3*k - 14. List the prime factors of s(-6).
2
Let r = 917 + -625. What are the prime factors of r?
2, 73
Suppose -4*z + c + 40 = 0, -4*z + 3*z - 3*c + 10 = 0. List the prime factors of z.
2, 5
Let h = 11 - 6. What are the prime factors of h?
5
List the prime factors of (1/((-9)/12))/(10/(-105)).
2, 7
Let d = -30 - -103. List the prime factors of d.
73
Suppose 0*c - c + 137 = 0. Let h = -98 + c. List the prime factors of h.
3, 13
Let i be -2 + (-4)/3*-3. Suppose x + 15 = i*x. List the prime factors of x.
3, 5
Suppose 4*a + 420 = -2*q - 596, 0 = 3*a + 6. List the prime factors of 6/(-10) - q/15.
3, 11
Suppose 2*z + 16 = 5*z + 2*a, 0 = 2*z + 3*a - 14. Suppose 50 = z*t + t. List the prime factors of t.
2, 5
Suppose -2*i + 3*j = -10, i + 4*j = -3*i + 20. Suppose -2*z - 33 = -i*z. List the prime factors of z.
11
Let p = -121 - -309. What are the prime factors of p?
2, 47
Let w(f) = 5*f**2 + 8*f + 3. List the prime factors of w(5).
2, 3, 7
Let o(p) = -p**3 + 8*p**2 + p - 7. Let g be o(8). Let d(y) = 4*y**3. List the prime factors of d(g).
2
Let w be (1 - 2) + 46 + -1. Suppose 0*b + 4*b - w = 0. List the prime factors of b.
11
Suppose -8 = -9*n + 5*n. Suppose -n*d = 1 - 23. List the prime factors of d.
11
Suppose u - 145 = 4*b, 599 = 4*u - 0*u + 3*b. What are the prime factors of u?
149
Let t be ((-6)/(-12))/((-2)/48). Let h = 10 + t. What are the prime factors of (1/h)/(3/(-54))?
3
Suppose 4*z = 9 + 3. What are the prime factors of z?
3
Let b be (-5 - -6)/(1/(-1)). Let k be -1*(0 + b) + 10. Let j = -7 + k. List the prime factors of j.
2
Let i(r) = r**3 + 5*r**2 - 3. Suppose 6*u = u - 25. Let l be i(u). Let b(f) = f**3 + 5*f**2 + 4*f + 1. What are the prime factors of b(l)?
7
What are the prime factors of 26/7 + 6/21?
2
Let o = -1 - -2. Let q be -24 + (0/(-3) - o). Let d = -13 - q. List the prime factors of d.
2, 3
List the prime factors of 1*106 - (3 + 0).
103
Let o(p) = -p**2 - 14*p - 6. What are the prime factors of o(-9)?
3, 13
Suppose x = -2*b - 4*x - 5, -5*x - 5 = -3*b. Suppose b = -0*s - 2*s - 12. What are the prime factors of (9/2)/((-3)/s)?
3
Suppose 0 = 5*o + l - 2, -5*l = 3*o - 10*l + 10. Suppose 2*z - 1 - 15 = 0. Let d = z + o. List the prime factors of d.
2
Let l(n) = n**3 - 7*n**2 - 6*n - 5. What are the prime factors of l(8)?
11
Let a = 62 + -25. What are the prime factors of a?
37
Let c = -11 - -77. What are the prime factors of c?
2, 3, 11
Let d be (6/1